e x(33).
-273
Let b(i) = 11*i - 24. Determine b(16).
152
Let l(k) = -121*k - 722. What is l(-7)?
125
Let p(z) = -z**3 - 68*z**2 - 65*z + 147. Give p(-67).
13
Let z(g) = -103*g**2 - 25*g - 52. What is z(-2)?
-414
Let i(x) = -600*x + 3843. What is i(7)?
-357
Let u(q) = -6104*q - 54935. Calculate u(-9).
1
Let o(u) = 10*u - 43. What is o(-5)?
-93
Let v(t) = 6*t**2 + 46*t + 15. Determine v(-9).
87
Let p(f) = -4*f - 152. Give p(-36).
-8
Let j(g) = -2*g**2 + 48*g + 213. What is j(-5)?
-77
Let y(p) = -p**2 - 79*p - 1283. What is y(-23)?
5
Let f(c) = c**3 + 18*c**2 + 24*c + 116. Calculate f(-17).
-3
Let f(l) = 2*l**2 - 90*l + 1002. Give f(24).
-6
Let z(i) = -i**3 + 21*i**2 + 98*i - 2353. Calculate z(20).
7
Let x(t) = -3*t**2 - 45*t + 113. Calculate x(-17).
11
Let y(c) = -185*c**2 - 116*c - 2. Determine y(-1).
-71
Let y(x) = x**2 + 261*x + 1780. Give y(-7).
2
Let s(k) = 2*k**2 + 75*k - 150. Give s(-40).
50
Let m(q) = -108*q + 415. Give m(4).
-17
Let u(b) = -20*b**2 - b + 4. What is u(1)?
-17
Let v(q) = -q**2 - 9*q + 18. Calculate v(0).
18
Let d(c) = -c**2 + 150*c + 305. Determine d(-2).
1
Let n(l) = l**3 + 53*l**2 + 358*l - 206. Give n(-45).
-116
Let g(j) = 526*j + 9944. Calculate g(-19).
-50
Let n(p) = 1322*p + 6871. Calculate n(-5).
261
Let c(k) = k**3 + 3*k**2 - 196*k - 392. Determine c(-2).
4
Let u(x) = -6*x + 15. Determine u(1).
9
Let z(f) = 120*f**2 + 299*f + 299. Determine z(-1).
120
Let u(s) = -s**3 - 5*s**2 + 356*s + 2093. Give u(-6).
-7
Let w(d) = -3*d**3 - 45*d**2 - 29*d + 208. Determine w(-14).
26
Let r(v) = 2*v**2 + 68*v + 746. Give r(-20).
186
Let r(z) = -5*z**2 + 171*z - 190. Calculate r(33).
8
Let d(h) = -7*h**2 + 677*h - 309. Determine d(96).
171
Let l(i) = -i**3 - 63*i**2 + 197*i - 235. What is l(-66)?
-169
Let t(m) = -16*m**2 + 10*m + 1. Calculate t(-3).
-173
Let b(f) = 3*f**2 - 20*f + 23. Calculate b(7).
30
Let t(j) = 30*j**2 + 55*j - 78. Give t(-3).
27
Let i(o) = -155*o - 66. Determine i(-4).
554
Let d(l) = -74*l**2 - 531*l - 531. What is d(-1)?
-74
Let c(g) = g**2 - 39*g - 272. Give c(45).
-2
Let n(m) = 51*m - 271. Calculate n(21).
800
Let j(q) = 7*q**2 - 177*q - 328. Give j(27).
-4
Let i(d) = -d**2 - 75*d - 1391. Calculate i(-42).
-5
Let p(n) = -n**3 + 4*n**2 + 3*n - 17. What is p(4)?
-5
Let k(q) = -q**3 + 69*q**2 + 69*q + 80. What is k(70)?
10
Let f(j) = 97*j + 8480. Determine f(-87).
41
Let p(t) = 6*t**2 + 225*t + 1424. Calculate p(-8).
8
Let b(i) = -69*i - 177. What is b(-2)?
-39
Let j(d) = -1117*d + 4369. Determine j(4).
-99
Let f(d) = -d**3 + 21*d**2 - 113*d + 31. Determine f(10).
1
Let h(n) = -4481*n - 58265. Give h(-13).
-12
Let a(r) = -r**3 + 9*r**2 + r - 97. Give a(5).
8
Let o(m) = -m**3 - 18*m**2 + 34*m - 97. Determine o(-20).
23
Let z(x) = x**3 + 34*x**2 - 76*x - 145. Calculate z(-36).
-1
Let l(b) = -3*b**3 - 68*b**2 + 138*b - 7. What is l(2)?
-27
Let x(n) = n**2 + 17*n - 944. Give x(21).
-146
Let g(s) = s**3 - 5*s**2 - 6*s + 7. Calculate g(5).
-23
Let p(u) = u**2 - 6*u - 54. What is p(5)?
-59
Let m(o) = -o**2 + 49*o + 220. Calculate m(53).
8
Let p(n) = -4*n**2 - 79*n - 374. Give p(-10).
16
Let d(y) = 21*y - 203. Calculate d(17).
154
Let s(r) = -r**3 + 34*r**2 - 13*r - 28. Determine s(33).
632
Let o(s) = 2*s**3 + 13*s**2 - 9*s - 2. Give o(-7).
12
Let x(w) = -w**2 + 6*w + 220. Calculate x(17).
33
Let v(l) = -2*l**3 + 16*l**2 - 8*l + 48. Calculate v(11).
-766
Let z(c) = -2*c**2 + 57*c + 15699. Calculate z(104).
-5
Let d(k) = k**3 + 3*k**2 - 230*k - 680. Calculate d(-3).
10
Let d(v) = v**3 - 14*v**2 + 14*v + 1. Give d(13).
14
Let s(j) = 73*j + 604. Determine s(-8).
20
Let m(r) = -57*r**3 - 4*r**2 + 16*r - 13. Give m(1).
-58
Let x(v) = 9*v - 600. Determine x(61).
-51
Let x(o) = -4*o**2 + 42*o - 28. What is x(8)?
52
Let w(d) = -2*d**3 + 32*d**2 - 109*d + 59. Calculate w(4).
7
Let l(j) = j**2 - 225*j - 1379. Calculate l(-6).
7
Let h(z) = -39*z - 114. What is h(-1)?
-75
Let b(o) = 8*o**3 - 15*o**2 - 3*o - 1. Give b(-1).
-21
Let y(q) = -101*q - 1129. Give y(-11).
-18
Let w(i) = -2*i**2 + 3*i - 22. Give w(-4).
-66
Let u(d) = -d**3 - 238*d**2 - 463*d + 2121. Give u(-236).
-3
Let b(q) = -9*q**3 + 578*q - 576. Calculate b(1).
-7
Let o(h) = -28*h + 320. Determine o(0).
320
Let f(x) = -x**3 + 72*x**2 - 284*x - 4. What is f(4)?
-52
Let l(y) = -y**3 - 19*y**2 - 11*y - 412. Determine l(-20).
208
Let c(u) = -u**3 - 13*u**2 - 23*u + 21. What is c(-6)?
-93
Let m(l) = l**3 - 10*l**2 + 16*l + 50. Give m(5).
5
Let k(n) = 194*n - 7750. What is k(40)?
10
Let s(u) = -13*u - 384. Calculate s(-38).
110
Let z(p) = 23*p - 1681. What is z(48)?
-577
Let f(w) = 43*w + 547. Determine f(-13).
-12
Let g(v) = 2*v**2 - 388*v + 2983. Give g(186).
7
Let a(g) = -957*g - 8623. What is a(-9)?
-10
Let s(r) = -79*r + 627. What is s(8)?
-5
Let n(j) = -2*j**3 + 5*j**2 + 40*j - 11. Give n(6).
-23
Let t(l) = l**3 - 10*l**2 + l + 58. What is t(10)?
68
Let y(q) = -89*q + 764. Calculate y(12).
-304
Let k(z) = -7*z**2 + 78*z - 30. Give k(11).
-19
Let p(g) = g**2 + 44*g - 52. What is p(-45)?
-7
Let g(w) = -19*w**2 - 30*w - 5. Calculate g(-2).
-21
Let l(t) = -t**2 + 6083*t + 6. Determine l(0).
6
Let j(w) = 92*w - 369. Calculate j(4).
-1
Let b(l) = -l**3 + 18*l**2 - 93*l + 86. Determine b(7).
-26
Let u(w) = -7*w**2 + 21*w + 66. What is u(5)?
-4
Let r(l) = 22*l**2 - 40*l + 18. What is r(2)?
26
Let a(j) = -2122*j - 12730. Calculate a(-6).
2
Let z(m) = -17*m**3 - 733*m**2 - 88*m - 87. Calculate z(-43).
-1
Let x(n) = n**3 + 86*n**2 + 193*n + 16598. Calculate x(-86).
0
Let w(d) = 52*d + 4658. What is w(-89)?
30
Let i(n) = -168*n + 370. Determine i(2).
34
Let y(i) = -i**3 + 10*i**2 - 22*i + 117. Calculate y(9).
0
Let g(d) = -d**3 + 5*d**2 + d - 37. Determine g(5).
-32
Let v(q) = 2*q**2 - 258*q + 8257. Give v(58).
21
Let b(m) = 2*m**3 + 74*m**2 + 137*m - 110. Determine b(-35).
-5
Let d(o) = 5*o**3 + 30*o**2 + 30*o - 3. Give d(-1).
-8
Let a(r) = -8*r**2 + 91*r + 9. What is a(11)?
42
Let t(r) = -37*r - 391. What is t(-9)?
-58
Let v(m) = -8*m**2 + 694*m + 199. Give v(87).
25
Let q(x) = -x**2 + 79*x + 506. What is q(-6)?
-4
Let h(x) = -23*x**2 - 5*x + 8. Determine h(2).
-94
Let i(m) = 10*m**2 - 7*m - 25. Determine i(8).
559
Let m(a) = -15*a**2 + 727*a + 33. Give m(48).
369
Let s(b) = 24*b**2 + 150*b + 5. Calculate s(-6).
-31
Let i(a) = 455*a + 48. Determine i(0).
48
Let w(k) = -k**3 + 67*k**2 + 358*k + 144. Determine w(72).
0
Let d(c) = 219*c - 251. What is d(2)?
187
Let s(c) = c**2 + 17*c + 265. Calculate s(-13).
213
Let x(h) = 304*h + 2115. Calculate x(-7).
-13
Let a(o) = 96*o**2 + 7*o + 3. What is a(-1)?
92
Let v(w) = w**2 - 94*w - 2547. Give v(-22).
5
Let q(a) = -97*a - 807. Calculate q(-9).
66
Let s(v) = -2*v**2 + 48*v - 136. Determine s(21).
-10
Let i(v) = 329*v - 1699. What is i(6)?
275
Let m(t) = -t**3 + 14*t**2 + 363*t - 183. Determine m(27).
141
Let q(l) = -7*l**2 + 28*l + 109. What is q(-3)?
-38
Let a(n) = -192*n - 1255. Calculate a(-5).
-295
Let m(r) = -r**2 + 11*r + 94. Calculate m(25).
-256
Let x(f) = 78*f + 41. Determine x(-1).
-37
Let j(m) = 49*m + 932. What is j(-18)?
50
Let u(r) = 2*r**3 + 2*r**2 - r - 2. Determine u(4).
154
Let w(c) = -89*c - 3539. Give w(-27).
-1136
Let g(n) = -n**3 + 11*n**2 + 35*n - 28. What is g(13)?
89
Let f(p) = 6*p - 54. What is f(11)?
12
Let l(q) = 820*q - 17224. Determine l(21).
-4
Let m(q) = -q**3 - 8*q**2 - 716*q - 4212. Calculate m(-6).
12
Let f(c) = 633*c + 62034. Determine f(-98).
0
Let g(i) = -1384*i - 2778. Give g(-2).
-10
Let z(q) = -q**2 - 11*q - 101. Give z(-23).
-377
Let u(o) = 49*o + 357. Calculate u(-9).
-84
Let s(o) = -3*o**2 - 209*o + 129. Determine s(-70).
59
Let o(w) = 6*w**3 + 490*w**2 - 165*w - 100. Give o(-82).
-18
Let k(f) = 6*f**2 - 18*f + 29. Give k(2).
17
Let h(b) = -56*b**2 - 71*b - 70. Determine h(-1).
-55
Let g(y) = -y**3 + 30*y**2 - 201*y - 270. Calculate g(18).
0
Let m(c) = -97*c - 2376. Calculate m(-21).
-339
Let l(f) = f**3 - 24*f**2 + 136*f + 5. Determine l(15).
20
Let k(v) = -60*v**2 + 2*v. Determine k(-1).
-62
Let l(z) = -31*z**2 + 1956*z - 106. Give l(63).
83
Let c(n) = -3*n**2 + 84*n - 448. Calculate c(7).
-7
Let d(x) = 258*x**2 - 30*x - 18. Give d(-1).
270
Let d(a) = 2*a**3 - 25*a**2 - 36*a - 91. Give d(14).
-7
Let z(q) = -29*q - 102. What is z(-14)?
304
Let q(v) = -v**3 + 13*v**2 + 120*v - 98. What 